ors of 52302?
2, 3, 23, 379
List the prime factors of 1770.
2, 3, 5, 59
List the prime factors of 70743.
3, 23581
What are the prime factors of 4442?
2, 2221
What are the prime factors of 4016?
2, 251
What are the prime factors of 33046?
2, 13, 31, 41
List the prime factors of 2752.
2, 43
List the prime factors of 5969.
47, 127
List the prime factors of 1281.
3, 7, 61
List the prime factors of 274.
2, 137
What are the prime factors of 1959?
3, 653
What are the prime factors of 193?
193
What are the prime factors of 3709?
3709
What are the prime factors of 89731?
61, 1471
What are the prime factors of 9199?
9199
List the prime factors of 1546.
2, 773
List the prime factors of 1482.
2, 3, 13, 19
List the prime factors of 103.
103
List the prime factors of 24317.
24317
List the prime factors of 57318.
2, 3, 41, 233
List the prime factors of 1069.
1069
List the prime factors of 590.
2, 5, 59
List the prime factors of 52689.
3, 7, 13, 193
What are the prime factors of 4586?
2, 2293
What are the prime factors of 7621?
7621
What are the prime factors of 634?
2, 317
What are the prime factors of 7269?
3, 2423
What are the prime factors of 7253?
7253
List the prime factors of 2062.
2, 1031
What are the prime factors of 31312?
2, 19, 103
What are the prime factors of 9538?
2, 19, 251
List the prime factors of 1235.
5, 13, 19
What are the prime factors of 229?
229
List the prime factors of 515.
5, 103
List the prime factors of 2081.
2081
What are the prime factors of 35236?
2, 23, 383
What are the prime factors of 2569?
7, 367
List the prime factors of 3821.
3821
What are the prime factors of 187783?
79, 2377
What are the prime factors of 38474?
2, 19237
List the prime factors of 711.
3, 79
List the prime factors of 317.
317
What are the prime factors of 633?
3, 211
List the prime factors of 4019.
4019
List the prime factors of 1005.
3, 5, 67
List the prime factors of 8802.
2, 3, 163
List the prime factors of 410.
2, 5, 41
List the prime factors of 15671.
15671
What are the prime factors of 3911?
3911
List the prime factors of 468.
2, 3, 13
What are the prime factors of 1907?
1907
What are the prime factors of 1711?
29, 59
List the prime factors of 3438.
2, 3, 191
What are the prime factors of 34661?
11, 23, 137
List the prime factors of 4309.
31, 139
What are the prime factors of 4250?
2, 5, 17
List the prime factors of 785.
5, 157
What are the prime factors of 162948?
2, 3, 37, 367
List the prime factors of 19640.
2, 5, 491
List the prime factors of 8447.
8447
What are the prime factors of 8290?
2, 5, 829
List the prime factors of 59392.
2, 29
List the prime factors of 223.
223
What are the prime factors of 5546?
2, 47, 59
What are the prime factors of 7870?
2, 5, 787
What are the prime factors of 3981?
3, 1327
List the prime factors of 8395.
5, 23, 73
What are the prime factors of 2755?
5, 19, 29
What are the prime factors of 65?
5, 13
List the prime factors of 7234.
2, 3617
What are the prime factors of 808?
2, 101
List the prime factors of 35879.
35879
List the prime factors of 4780.
2, 5, 239
List the prime factors of 498.
2, 3, 83
List the prime factors of 7541.
7541
What are the prime factors of 116534?
2, 11, 5297
List the prime factors of 16906.
2, 79, 107
What are the prime factors of 37112?
2, 4639
What are the prime factors of 1234?
2, 617
What are the prime factors of 8676?
2, 3, 241
List the prime factors of 26548.
2, 6637
What are the prime factors of 4742?
2, 2371
List the prime factors of 15717.
3, 13, 31
List the prime factors of 277.
277
List the prime factors of 43728.
2, 3, 911
What are the prime factors of 919?
919
List the prime factors of 69092.
2, 23, 751
List the prime factors of 36247.
67, 541
List the prime factors of 4137.
3, 7, 197
What are the prime factors of 9887?
9887
What are the prime factors of 2904?
2, 3, 11
List the prime factors of 194526.
2, 3, 101, 107
List the prime factors of 67462.
2, 89, 379
List the prime factors of 1306.
2, 653
List the prime factors of 173.
173
List the prime factors of 891.
3, 11
List the prime factors of 46044.
2, 3, 1279
List the prime factors of 2720.
2, 5, 17
List the prime factors of 81877.
41, 1997
What are the prime factors of 15918?
2, 3, 7, 379
What are the prime factors of 163785?
3, 5, 61, 179
What are the prime factors of 7290?
2, 3, 5
What are the prime factors of 21169?
21169
List the prime factors of 620.
2, 5, 31
List the prime factors of 44189.
44189
List the prime factors of 1233.
3, 137
List the prime factors of 20542.
2, 10271
List the prime factors of 5485.
5, 1097
List the prime factors of 22503.
3, 13, 577
What are the prime factors of 335?
5, 67
What are the prime factors of 1478?
2, 739
What are the prime factors of 156141?
3, 5783
What are the prime factors of 23209?
23209
What are the prime factors of 12489?
3, 23, 181
List the prime factors of 2266.
2, 11, 103
List the prime factors of 24020.
2, 5, 1201
List the prime factors of 160459.
13, 12343
What are the prime factors of 16187?
16187
List the prime factors of 123689.
179, 691
List the prime factors of 2306.
2, 1153
What are the prime factors of 918?
2, 3, 17
What are the prime factors of 4859?
43, 113
List the prime factors of 1157.
13, 89
What are the prime factors of 4193?
7, 599
List the prime factors of 107173.
11, 9743
List the prime factors of 40903.
40903
What are the prime factors of 28737?
3, 31, 103
List the prime factors of 67557.
3, 7, 3217
List the prime factors of 68859.
3, 7, 1093
List the prime factors of 54747.
3, 7, 11, 79
What are the prime factors of 6391?
7, 11, 83
List the prime factors of 42010.
2, 5, 4201
What are the prime factors of 97068?
2, 3, 8089
What are the prime factors of 4767?
3, 7, 227
What are the prime factors of 1308?
2, 3, 109
List the prime factors of 11945.
5, 2389
List the prime factors of 55753.
127, 439
What are the prime factors of 30967?
173, 179
What are the prime factors of 980?
2, 5, 7
What are the prime factors of 100303?
7, 23, 89
List the prime factors of 1057.
7, 151
List the prime factors of 4977.
3, 7, 79
What are the prime factors of 3751?
11, 31
What are the prime factors of 261?
3, 29
List the prime factors of 5374.
2, 2687
What are the prime factors of 5972?
2, 1493
What are the prime factors of 2340?
2, 3, 5, 13
What are the prime factors of 1263?
3, 421
List the prime factors of 122031.
3, 7, 13, 149
List the prime factors of 12705.
3, 5, 7, 11
List the prime factors of 14858.
2, 17, 19, 23
What are the prime factors of 39731?
67, 593
List the prime factors of 16961.
7, 2423
List the prime factors of 1540.
2, 5, 7, 11
What are the prime factors of 2050?
2, 5, 41
What are the prime factors of 23121?
3, 7, 367
List the prime factors of 3517.
3517
What are the prime factors of 113?
113
What are the prime factors of 55885?
5, 11177
What are the prime factors of 15570?
2, 3, 5, 173
List the prime factors of 6378.
2, 3, 1063
What are the prime factors of 27316?
2, 6829
List the prime factors of 45453.
3, 109, 139
What are the prime factors of 166?
2, 83
What are the prime factors of 1828?
2, 457
List the prime factors of 991.
991
What are the prime factors of 636?
2, 3, 53
What are the prime factors of 23416?
2, 2927
What are the prime factors of 62097?
3, 7, 2957
List the prime factors of 1248.
2, 3, 13
List the prime factors of 15895.
5, 11, 17
What are the prime factors of 633?
3, 211
List the prime factors of 5869.
5869
List the prime factors of 61.
61
What are the prime factors of 4711?
7, 673
List the prime factors of 21658.
2, 7, 13, 17
List the prime factors of 857.
857
What are the prime factors of 7955?
5, 37, 43
List the prime factors of 4690.
2, 5, 7, 67
List the prime factors of 28014.
2, 3, 7, 23, 29
What are the prime factors of 1121?
19, 59
List the prime factors of 818.
2, 409
List the prime factors of 66637.
37, 1801
List the prime factors of 91233.
3, 31, 109
List the prime factors of 5819.
11, 23
What are the prime factors of 1022?
2, 7, 73
What are the prime factors of 1616?
2, 101
List the prime factors of 79620.
2, 3, 5, 1327
List the prime factors of 2260.
2, 5, 113
List the prime factors of 244.
2, 61
What are the prime factors of 142170?
2, 3, 5, 7, 677
What are the prime factors of 12652?
2, 3163
What are the prime fac